. Calculate the greatest common factor of v and 12.
12
Let h be 5*(-2 + 10/1). Suppose 27*f - 28*f + 10 = 0. Calculate the greatest common factor of f and h.
10
Let b = -72 - -85. What is the highest common factor of 65 and b?
13
Suppose 0*s = -s - 3*f + 306, 4*s - 1248 = -4*f. Suppose 0*i = -3*i + s. Calculate the greatest common divisor of 42 and i.
21
Let w(u) = u**3 - 10*u**2 + 11*u - 13. Let d be w(9). What is the highest common divisor of 45 and d?
5
Let j = 1 - -14. What is the greatest common factor of 165 and j?
15
Let i(c) = -c**2 - 6*c - 4. Let q be i(-5). Suppose 0 = -2*d + q + 27. Let f be (4/(-2) - 0)*-28. Calculate the highest common divisor of d and f.
14
Suppose -t = 2*t + 5*j - 78, 0 = 4*t + j - 87. What is the highest common divisor of t and 28?
7
Let l(m) = -m**3 - 9*m**2 - m - 6. Let t be l(-9). Suppose t*r - 507 + 87 = 0. Suppose 0 = h + h - r. What is the greatest common factor of 10 and h?
10
Let s(t) = 3*t**2 - t. Let w be s(2). Let n be (-42)/10 - (-1)/5. Let d = w + n. What is the greatest common factor of 24 and d?
6
Let f = 65 - 55. Calculate the greatest common divisor of f and 4.
2
Suppose -16 = -4*o + 3*o. Let s(n) = 12*n - 4. Let z be s(7). Suppose 3*k = 8*k - z. What is the highest common divisor of k and o?
16
Suppose 0 = 4*m + b + b - 12, 2*m = 4*b - 4. Suppose 80 = 2*k + m*i, -2*k - 6*i = -5*i - 80. Calculate the greatest common divisor of k and 5.
5
Let q = 96 + 69. Calculate the highest common divisor of 66 and q.
33
Let x be (-8)/44 + (-2350)/22. Let f = -52 - x. Calculate the highest common factor of f and 11.
11
Suppose 42 = 3*v - 15. Let s = 208 + -132. What is the greatest common factor of v and s?
19
Let x(k) = -4*k - 6. Let j be x(-7). Calculate the greatest common factor of j and 22.
22
Suppose 0*l = -l - p + 56, -2*l = -4*p - 136. Let d be 176/8 + 2/(-1). Let f = l - d. What is the highest common divisor of f and 8?
8
Let o(t) = -t**2 - 7*t. Let k be o(-6). Let c = 7 - k. Calculate the highest common factor of 9 and c.
1
Let q be 1/(-2)*0/(-3). Suppose -h + q*h + 20 = 0. Calculate the greatest common divisor of 8 and h.
4
Let z(o) = o**3 + 9*o**2 - 9*o + 20. Let w be z(-10). Suppose i = -2*i + 270. What is the greatest common factor of w and i?
10
Suppose -4*s - 4*h + 216 = 0, -s - 3*h - 18 = -62. Let o = s - 41. What is the greatest common divisor of o and 6?
6
Let w = 10 - -3. Suppose -4*o + 4 = -0, 4*l - 21 = -o. Let j = 57 - l. What is the highest common divisor of j and w?
13
Let q be 1*(2 + 1 + -3). Suppose q = 2*f + 2*s - 3 - 5, -f + 3*s = -8. What is the highest common factor of f and 20?
5
Suppose -2*i = -6*i. Let b(z) = z**3 + z**2 - z + 15. Let n be b(i). Calculate the greatest common divisor of n and 45.
15
Let t = 10 + -7. Suppose 3*v = -2*i + 8 + t, 15 = 3*v + 3*i. Calculate the highest common divisor of v and 9.
1
Suppose -b - 20 = -5*b. Suppose 3*a + 3*o - 114 = 0, -b*a + 5*o = 2*o - 174. Calculate the greatest common divisor of a and 12.
12
Suppose -47 - 53 = -5*x. Suppose 0*r - 2*r + x = 0. Calculate the greatest common divisor of 70 and r.
10
Suppose 4*f - 10 = -2. Suppose 4*k = -3*y + 3, 2*k = -2*y - y - 3. What is the highest common divisor of k and f?
1
Let k = 12814 - 8478. Let n be (-4)/30 + k/120. Calculate the highest common factor of n and 54.
18
Let j = 3 + 2. Suppose -5*o - 2*r + 33 = 0, 17 = j*o - 0*r - 2*r. What is the highest common divisor of 40 and o?
5
Suppose r + 15 = 48. What is the greatest common divisor of r and 33?
33
Let c(h) = -h - 2. Let y be c(-5). Let k be (-1)/y + (-128)/(-24). What is the greatest common factor of 25 and k?
5
Let c(k) = -k**3 + 10*k**2 - 6*k - 10. Let t be c(9). What is the highest common divisor of t and 119?
17
Let r(x) = 58*x + 1. Let s be r(3). Calculate the greatest common divisor of 25 and s.
25
Let n = 115 + -58. What is the greatest common divisor of 38 and n?
19
Let b = 9 - 0. Calculate the highest common factor of b and 27.
9
Let y(f) be the first derivative of -1/4*f**4 - 3*f**2 - 2*f**3 - 2 + 5*f. Let b be y(-5). What is the greatest common divisor of 30 and b?
10
Let q(u) = u**2 + 2*u. Let n be q(3). Let j be 106/10 + 6/n. What is the greatest common factor of 77 and j?
11
Suppose -4*i = 3*t + 5, 1 = -2*i - 2*t + t. Suppose 0 - 5 = -v. Calculate the greatest common divisor of i and v.
1
Let o = -12 - -11. Let h be (30/(4 - 7))/o. Let g = 4 + -2. What is the highest common factor of g and h?
2
Let z(y) = 4*y - 4. Let b be z(4). Calculate the greatest common divisor of 96 and b.
12
Suppose -4*n + 39 + 201 = 0. What is the highest common factor of n and 150?
30
Suppose 2*m + 30 - 87 = -3*r, -5*r + 25 = 0. What is the highest common factor of m and 3?
3
Let s be (-3 - -15) + 2 + -1. Calculate the greatest common factor of s and 13.
13
Let j = 7 - -2. Let m(s) = 2*s**2 - s + 6. Let c be m(6). What is the greatest common factor of j and c?
9
Suppose -f = -3*f + 1050. Suppose 7*q - f = 2*q. Calculate the highest common divisor of 15 and q.
15
Suppose -4*q + q - 6 = -3*o, 4*o = -q + 8. Let u = 14 + o. Let g be 24/9*3/1. What is the greatest common divisor of u and g?
8
Suppose -2*r = u + 3*u - 266, 4*r - 5*u - 584 = 0. Suppose -21 = 3*q - r. Calculate the highest common divisor of q and 5.
5
Suppose -10*v - 55 = -11*v. Suppose -4*z + 2*p = -z - 25, 4*p + 6 = 2*z. Calculate the greatest common divisor of v and z.
11
Let n = 6 - 4. Suppose n*u - 2 = 6. Let l be 2 + -1 + (-172)/(-4). What is the greatest common factor of u and l?
4
Let p(i) = 16*i**2 - 3*i - 1. Let m be p(-1). Calculate the highest common divisor of 27 and m.
9
Suppose f + 24 = -4*f + 4*c, 3*c = f - 4. Let m be (-403)/(-91) + f/(-14). What is the greatest common divisor of 40 and m?
5
Suppose 0*u + 2*u - 120 = 0. Suppose 0*a = 5*a - u. Let r = a + -7. What is the highest common divisor of r and 20?
5
Let y = 17 - 3. Suppose 5 = -z + y. Suppose 3*s - 7*s + 252 = 0. What is the greatest common factor of s and z?
9
Let x = 48 + -38. What is the greatest common factor of x and 10?
10
Let a(k) = -3*k - 2. Let f be a(-2). Suppose -z + f*z = 486. What is the highest common divisor of 18 and z?
18
Suppose -12*q = -215 + 23. What is the highest common divisor of 2 and q?
2
Let f(x) = -2*x**3 + 2*x**2 - x. Let k be f(1). Let z be (-2)/6*k*-6. Let u be 33/2 + z/4. Calculate the greatest common divisor of 24 and u.
8
Let w(i) = -44*i + 4. Let y be w(-3). Suppose 0*r - 30 = -5*r. Suppose -23 + r = -c. Calculate the greatest common divisor of c and y.
17
Let m(h) = 3*h + 10. Let y be m(5). Calculate the greatest common factor of 200 and y.
25
Let l be 2*((-1 - -2) + 1/(-2)). Calculate the greatest common factor of 9 and l.
1
Let m = 31 - 11. Suppose -3*c = -m - 34. Suppose 2*y + i = c, 10 = 2*y - i - 12. What is the highest common factor of y and 80?
10
Let j = -142 + 257. Suppose 3*p - j = 23. Calculate the greatest common divisor of p and 69.
23
Suppose 26 = 2*c - 86. Let i = 21 - 7. Calculate the greatest common factor of c and i.
14
Let y(o) = o**3 - 5*o - 1. Let q be y(-7). Let s be (-3)/9 - q/9. What is the greatest common divisor of 17 and s?
17
Let d be -1 + 0 - 109/(-1). Let p be (1 - 0) + 6 - 42/14. Suppose -p*y + 0*y = 4*s - d, 3*y = -s + 75. What is the highest common divisor of y and 8?
8
Suppose 5*g + 963 = 3*o, 0*o - 2*o = g + 203. Let j be (g/6)/(-5)*2. Suppose -j = -2*s + 1. What is the greatest common factor of s and 14?
7
Suppose -4*y + 4*p + 150 = 42, 5*y + p = 141. What is the highest common divisor of 70 and y?
14
Let g be (0 + -50)*12/(-8). Suppose -5*f + 7*u + g = 2*u, 5 = u. What is the highest common divisor of f and 5?
5
Suppose -7*p + 4*p + 528 = 0. What is the greatest common factor of p and 16?
16
Let u be 3*((-4)/(-6))/(-1). Let n be -21*u/(-10)*-10. What is the highest common divisor of n and 14?
14
Let c = 93 - 45. What is the highest common divisor of 6 and c?
6
Let q be (-6)/(-1)*(-6)/(-4). Let i = q + -3. What is the greatest common divisor of i and 2?
2
Suppose 0 = -3*i - 3*o + 54, 6*o - 4*o - 18 = -i. What is the greatest common divisor of 198 and i?
18
Suppose -2*q + 59 = -51. Let l be 4/10 - (-4)/(-10). Let k be (1 - l) + 22 - 1. What is the highest common divisor of q and k?
11
Suppose 0 = -2*f - f + 39. What is the highest common f